{"id":4,"date":"2015-01-31T21:00:57","date_gmt":"2015-01-31T23:00:57","guid":{"rendered":"http:\/\/braobarbosa.com\/reparos\/?page_id=4"},"modified":"2024-08-12T06:57:16","modified_gmt":"2024-08-12T09:57:16","slug":"home","status":"publish","type":"page","link":"http:\/\/braobarbosa.com\/reparos\/","title":{"rendered":"Reparos"},"content":{"rendered":"<div class=\"divcapa\">\n<div class=\"divcapaimagem\"><img loading=\"lazy\" decoding=\"async\" class=\"alignnone size-medium wp-image-12\" src=\"http:\/\/braobarbosa.com\/wp-content\/uploads\/permanent\/hqs\/cover-reparos-pt.png\" alt=\"reparos-capa\" width=\"207\" height=\"300\"><\/div>\n<div class=\"divcapatexto\">\n<div class=\"divcapatitulo\"><span class=\"divcapatitulotexto\">Reparos<\/span><br \/>\n<span class=\"divcapatitulopreco\">R$ 45,00<\/span><span class=\"frete\">*Venda via Comic House<\/span><br \/>\n<span class=\"divcapatitulocomprar\"><a href=\"https:\/\/www.comichouse.com.br\/produtos\/reparos-brao-barbosa\/?variant=53315417\" target=\"_blank\" rel=\"noopener noreferrer\">COMPRAR<\/a><\/span><\/div>\n<div class=\"divcapainfos\">\n<p>Uma amizade entre uma garotinha e um velho ranzinza. Como eles encontram perguntas e respostas no meio de uma oficina bagun\u00e7ada.<\/p>\n<p><strong>Qtde. P\u00e1ginas:<\/strong> 84<br \/>\n<strong>Impress\u00e3o:<\/strong> Colorida<br \/>\n<strong>Publica\u00e7\u00e3o:<\/strong> Independente<br \/>\n<strong>Ano:<\/strong> 2017<br \/>\n<strong>Tamanho:<\/strong> 19 cm x 27,5 cm<\/p>\n<\/div>\n<\/div>\n<\/div>\n<div class=\"divdigitais\">\n<div class=\"divdigitaistexto\">\n<p>VERS\u00d5ES DIGITAIS:<\/p>\n<\/div>\n<ul class=\"divdigitaisbotoes\">\n<li><a href=\"https:\/\/braobarbosa.gumroad.com\/l\/reparos\" target=\"_blank\" class=\"pdf-button\" rel=\"noopener\"><\/a><\/li>\n<li><a href=\"https:\/\/braobarbosa.gumroad.com\/l\/reparos\" target=\"_blank\" class=\"mobi-button\" rel=\"noopener\"><\/a><\/li>\n<li><a href=\"https:\/\/braobarbosa.gumroad.com\/l\/reparos\" target=\"_blank\" class=\"cbr-button\" rel=\"noopener\"><\/a><\/li>\n<li><a href=\"https:\/\/tapas.io\/series\/Reparos\" target=\"_blank\" class=\"tapastic-button\" rel=\"noopener noreferrer\"><\/a><\/li>\n<li><a href=\"https:\/\/www.amazon.com.br\/dp\/B076Z66Y4W\" target=\"_blank\" class=\"kindle-button\" rel=\"noopener noreferrer\"><\/a><\/li>\n<\/ul>\n<p><!--\n \t\n\n<li><a href=\"#\" target=\"_blank\" class=\"comixology-button\" rel=\"noopener noreferrer\"><\/a><\/li>\n\n\n \t\n\n<li><a href=\"#\" target=\"_blank\" class=\"socialcomics-button\" rel=\"noopener noreferrer\"><\/a><\/li>\n\n\n--><\/div>\n<div class=\"divindicacao\">\n<div class=\"divindicacaofoto\">\n<p><a href=\"http:\/\/braobarbosa.com\/reparos\/wp-content\/uploads\/2015\/01\/reparos-briggs.png\" target=\"_blank\" rel=\"noopener noreferrer\"><img loading=\"lazy\" decoding=\"async\" class=\"alignnone wp-image-108 size-full\" src=\"http:\/\/braobarbosa.com\/reparos\/wp-content\/uploads\/2015\/01\/reparos-briggs.png\" alt=\"\" width=\"159\" height=\"160\" srcset=\"http:\/\/braobarbosa.com\/reparos\/wp-content\/uploads\/2015\/01\/reparos-briggs.png 159w, http:\/\/braobarbosa.com\/reparos\/wp-content\/uploads\/2015\/01\/reparos-briggs-150x150.png 150w\" sizes=\"auto, (max-width: 159px) 100vw, 159px\" \/><\/a><\/p>\n<p><strong><a href=\"https:\/\/twitter.com\/TeatroBonecos\" target=\"_blank\" rel=\"noopener noreferrer\">Guilherme Briggs<\/a><\/strong>&#8220;Ator, Dublador e Diretor de Dublagem&#8221;<\/p>\n<\/div>\n<div class=\"divindicacaotexto\">\n<blockquote><p>Ao ler \u201cReparos\u201d, na bel\u00edssima arte e texto de Br\u00e3o Barbosa, fui tocado profundamente por emo\u00e7\u00f5es que me transportaram pra minha inf\u00e2ncia. Na imagem ex\u00f3tica do senhor Ravid, eu vi meu saudoso pai, que era uma das pessoas mais criativas e divertidas que conheci, meu grande amigo de bagun\u00e7as e descobertas.<\/p>\n<p>Ele tinha uma oficina improvisada no quartinho de servi\u00e7o, ao lado da cozinha da casa de minha av\u00f3. Era um ambiente delicioso, recheado de ferramentas pelas paredes, rolos de papel-manteiga, kits de montagem de avi\u00f5es, barcos e carros da Revell, cadernos e livros, rascunhos e plantas de casas, e brinquedos de madeira que ele mesmo fazia pra mim.<\/p>\n<p>Meu pai conseguia criar e consertar praticamente tudo. Se o fog\u00e3o da vov\u00f3 quebrava, imediatamente ele estudava, se consultava com livros t\u00e9cnicos, perguntava em lojas ou com t\u00e9cnicos, e conseguia colocar funcionando com ainda mais pot\u00eancia. Se o meu av\u00f4 reclamava da dentadura machucando o c\u00e9u da boca, papai estudava e comprava todo o material necess\u00e1rio e moldava uma nova pr\u00f3tese, com v\u00e1rios modelos, at\u00e9 que meu v\u00f4 aprovasse totalmente. Eram os anos 1970 e 1980, n\u00e3o existia internet, tudo tinha que ser garimpado em bibliotecas ou por meio de um bate-papo com pessoas que conheciam mais.<\/p>\n<p>Na imagem de Eunice eu pude me enxergar, sendo que, no meu caso, eu era (e sou at\u00e9 hoje) apaixonado por artes, n\u00e3o tanto por engenharia. Papai sempre tentou me passar seu amor por m\u00e1quinas, me levando pra v\u00ea-lo consertar coisas no velho fusquinha azul dele. Mas, depois de um tempo, vendo minha carinha de desinteresse e sono, foi desistindo, realinhando seu entusiasmo comigo para a cria\u00e7\u00e3o de \u00e1udio-contos, de desenhos e hist\u00f3rias em quadrinhos, que ele igualmente gostava e me deixavam entusiasmado. N\u00e3o fal\u00e1vamos mais de motores de carro e sim de super-her\u00f3is bizarros e monstros engra\u00e7ados, inventando todos os finais de semana historinhas para tais personagens. Papai me deu a no\u00e7\u00e3o de que podemos ser independentes, podemos criar nosso pr\u00f3prio centro de entretenimento, bolando coisas para nos divertir, sem precisar consumir apenas coisas externas ou ficar dependendo de outras pessoas. Podemos ter um universo particular pr\u00f3prio e nos alimentar do mesmo, com extrema alegria e satisfa\u00e7\u00e3o pessoal.<\/p>\n<p>\u201cReparos\u201d vai transportar voc\u00ea para esse universo gostoso e nost\u00e1lgico, pois cada um de n\u00f3s tem uma hist\u00f3ria de vida em que somos agraciados por um mentor ou alma criativa e bondosa, que se sincroniza com a nossa, aceita o que somos e nos enche de esperan\u00e7a e est\u00edmulo.<\/p>\n<p>Podemos n\u00e3o reparar pessoas ou a n\u00f3s mesmos com a facilidade com que fazemos com as m\u00e1quinas. Talvez n\u00f3s nunca tenhamos conserto como civiliza\u00e7\u00e3o, mas temos, com certeza, uma compensa\u00e7\u00e3o: o nosso encantamento com o desconhecido jamais ir\u00e1 cessar tamb\u00e9m, nos levando sempre em frente, nunca estagnando.<\/p><\/blockquote>\n<\/div>\n<\/div>\n<div class=\"divtestimonials\">\n<div class=\"divtestimonial\">\n<div class=\"divtestimonialfoto\">\n<p><a href=\"https:\/\/twitter.com\/sidneygusman\" target=\"_blank\" rel=\"noopener noreferrer\"><img loading=\"lazy\" decoding=\"async\" class=\"alignnone size-full wp-image-13\" src=\"http:\/\/braobarbosa.com\/reparos\/wp-content\/uploads\/2017\/10\/reparos-sidneygusman.png\" alt=\"Sidney Gusman\" width=\"82\" height=\"82\"><\/a><a href=\"https:\/\/twitter.com\/sidneygusman\" target=\"_blank\" rel=\"noopener noreferrer\"><strong>Sidney Gusman<\/strong><\/a><\/p>\n<\/div>\n<div class=\"divtestimonialtexto\">\n<blockquote><p><a href=\"https:\/\/www.instagram.com\/p\/BaJxW5YDjsS\/\" target=\"_blank\" rel=\"noopener noreferrer\">Um trabalho emocionante, lindo, com um desenho cativante e cenas estupendas de passagem do tempo, que merecem ser vistas, revistas e admiradas. Certamente, \u2018Reparos\u2019 vai estar na minha lista de melhores do ano.&#8221;<\/a><\/p><\/blockquote>\n<\/div>\n<\/div>\n<div class=\"divtestimonial\">\n<div class=\"divtestimonialfoto\">\n<p><a href=\"http:\/\/twitter.com\/sybylla_\" target=\"_blank\" rel=\"noopener noreferrer\"><img loading=\"lazy\" decoding=\"async\" class=\"alignnone size-full wp-image-13\" src=\"http:\/\/braobarbosa.com\/reparos\/wp-content\/uploads\/2017\/11\/reparos-sybylla.png\" alt=\"Sybylla\" width=\"82\" height=\"82\"><\/a><a href=\"http:\/\/twitter.com\/sybylla_\" target=\"_blank\" rel=\"noopener noreferrer\"><strong>Sybylla<\/strong><\/a><\/p>\n<\/div>\n<div class=\"divtestimonialtexto\">\n<blockquote><p><a href=\"http:\/\/www.momentumsaga.com\/2017\/11\/resenha-reparos-de-brao-barbosa.html\" target=\"_blank\" rel=\"noopener noreferrer\">Uma das melhores e mais lindinhas HQs que li este ano. Com um tra\u00e7o encantador e um lindo enredo nost\u00e1lgico baseada em uma hist\u00f3ria real e marcante do autor. Personagens expressivos, meninas bem descritas, uma mensagem nost\u00e1lgica e emocionante. Se voc\u00ea \u00e9 f\u00e3 de quadrinhos, n\u00e3o pode deixar de ter \u2018Reparos\u2019 na sua estante. Cinco aliens para a HQ e uma forte indica\u00e7\u00e3o para voc\u00ea ler tamb\u00e9m.&#8221;<\/a><\/p><\/blockquote>\n<\/div>\n<\/div>\n<div class=\"divtestimonial\">\n<div class=\"divtestimonialfoto\">\n<p><a href=\"https:\/\/twitter.com\/pizzolguto\" target=\"_blank\" rel=\"noopener noreferrer\"><img loading=\"lazy\" decoding=\"async\" class=\"alignnone size-full wp-image-13\" src=\"http:\/\/braobarbosa.com\/reparos\/wp-content\/uploads\/2017\/11\/reparos-flaviopizzol.png\" alt=\"Fl\u00e1vio Pizzol\" width=\"82\" height=\"82\"><\/a><a href=\"https:\/\/twitter.com\/pizzolguto\" target=\"_blank\" rel=\"noopener noreferrer\"><strong>Fl\u00e1vio Pizzol<\/strong><\/a><\/p>\n<\/div>\n<div class=\"divtestimonialtexto\">\n<blockquote><p><a href=\"http:\/\/aodisseia.com\/livros-e-hqs-reparos\/\" target=\"_blank\" rel=\"noopener noreferrer\">\u2018Reparos\u2019 embrulha todos esses acertos narrativos em um visual doce, colorido e extremamente vibrante. Os tra\u00e7os de Br\u00e3o d\u00e3o fluidez aos quadros e imprimem uma realidade fant\u00e1stica que se alimenta com um pouco daquela nostalgia t\u00edpica de Stranger Things, enquanto as cores de Mariane Gusm\u00e3o enche os olhos do leitor com vivacidade. O resultado \u00e9 \u00e1gil, divertido e simplesmente emocionante.&#8221;<\/a><\/p><\/blockquote>\n<\/div>\n<\/div>\n<\/div>\n","protected":false},"excerpt":{"rendered":"<p>Reparos R$ 45,00*Venda via Comic House COMPRAR Uma amizade entre uma garotinha e um velho ranzinza. Como eles encontram perguntas e respostas no meio de uma oficina bagun\u00e7ada. Qtde. P\u00e1ginas: 84 Impress\u00e3o: Colorida Publica\u00e7\u00e3o: Independente Ano: 2017 Tamanho: 19 cm x 27,5 cm VERS\u00d5ES DIGITAIS: Guilherme Briggs&#8220;Ator, Dublador e Diretor de Dublagem&#8221; Ao ler \u201cReparos\u201d, [&hellip;]<\/p>\n","protected":false},"author":1,"featured_media":106,"parent":0,"menu_order":0,"comment_status":"open","ping_status":"open","template":"","meta":{"footnotes":""},"class_list":["post-4","page","type-page","status-publish","has-post-thumbnail","hentry"],"jetpack_sharing_enabled":true,"jetpack_shortlink":"https:\/\/wp.me\/Pfq22R-4","_links":{"self":[{"href":"http:\/\/braobarbosa.com\/reparos\/wp-json\/wp\/v2\/pages\/4","targetHints":{"allow":["GET"]}}],"collection":[{"href":"http:\/\/braobarbosa.com\/reparos\/wp-json\/wp\/v2\/pages"}],"about":[{"href":"http:\/\/braobarbosa.com\/reparos\/wp-json\/wp\/v2\/types\/page"}],"author":[{"embeddable":true,"href":"http:\/\/braobarbosa.com\/reparos\/wp-json\/wp\/v2\/users\/1"}],"replies":[{"embeddable":true,"href":"http:\/\/braobarbosa.com\/reparos\/wp-json\/wp\/v2\/comments?post=4"}],"version-history":[{"count":45,"href":"http:\/\/braobarbosa.com\/reparos\/wp-json\/wp\/v2\/pages\/4\/revisions"}],"predecessor-version":[{"id":438,"href":"http:\/\/braobarbosa.com\/reparos\/wp-json\/wp\/v2\/pages\/4\/revisions\/438"}],"wp:featuredmedia":[{"embeddable":true,"href":"http:\/\/braobarbosa.com\/reparos\/wp-json\/wp\/v2\/media\/106"}],"wp:attachment":[{"href":"http:\/\/braobarbosa.com\/reparos\/wp-json\/wp\/v2\/media?parent=4"}],"curies":[{"name":"wp","href":"https:\/\/api.w.org\/{rel}","templated":true}]}}